m*f = w + 16. What is the units digit of f?
5
Let b(a) = 81*a**2 - 22*a - 3. What is the tens digit of b(-2)?
6
Suppose 0 = -3*q - 2*q - 20. Let v = q - -6. What is the units digit of (-3)/v + 970/20?
7
Suppose 4*m - 4341 = 2423. What is the units digit of m?
1
Let u = -1677 + 2022. What is the hundreds digit of u?
3
Suppose 0 = -3*j + 4*d - d + 1842, 618 = j + 3*d. What is the tens digit of j?
1
Let d be (-10)/(-4) + 3/6. Suppose -d*x + 1408 = x. Suppose -5*k - 4*a - 119 + x = 0, k - a - 52 = 0. What is the tens digit of k?
4
What is the tens digit of (-1)/(-2) - (-5139)/18?
8
Suppose 0 = -r + 192 + 8. Suppose 5*m + 2*p - r = 0, -2*p + 3*p + 131 = 3*m. What is the tens digit of m?
4
Suppose 0 = 4*i + 8, -4*i - 6561 = -5*g - 33. What is the tens digit of g?
0
Let a(h) = -4*h - 1. Let u be a(-1). Suppose -x + 110 = -3*w, 4*x = u*w + 2*x + 115. What is the units digit of 8/10*w/(-2)?
4
Let s = 31 - 28. Suppose 0 = -5*v - s*r + 467, 5*v + 5*r - 528 + 63 = 0. What is the units digit of v?
4
What is the units digit of (5 + 8 + -497)*1/(-2)?
2
Let p = -1696 + 2620. What is the tens digit of p?
2
Suppose -4*q + 2*y + 20 = 0, 0*q + y + 4 = q. What is the units digit of ((-2)/(-2))/(q/(-2))*-291?
7
Let b be 1 + (2 - 11)/(-3). Suppose 0 = -3*n - 3*p + 186, -p + 6 - 4 = 0. Suppose -b*a = 5*k - 86, -4*k + a - 2*a = -n. What is the units digit of k?
4
Let b = -55 + 9. Let a = b - -101. What is the tens digit of a?
5
Suppose 7*b = b. Suppose 3*k + 0*k - 51 = b. Let v = k + -9. What is the units digit of v?
8
Suppose -29800 = 104*l - 114*l. What is the hundreds digit of l?
9
Let z(w) = 4*w + 4 + w - 4. What is the units digit of z(9)?
5
Suppose 5*v + 3*r = 6475, -4*v - 2*r + 3063 = -2119. What is the units digit of v?
8
Let s(v) = v**2 + 13*v + 15. What is the tens digit of s(18)?
7
Let l(v) = 9*v**2 - 2. Let i be l(-2). Suppose -10 - i = -4*z. Suppose z + 1 = 2*x. What is the units digit of x?
6
Let v(t) = 2*t**3 + 20 + 5*t**2 - 19 + 7*t - 15*t**2. What is the tens digit of v(6)?
1
Suppose b - 5 = -x, 2*x - 9 = -4*b + 9. What is the tens digit of x*-3*(-2)/6 + 209?
1
Let r(b) = 88*b - 1. What is the hundreds digit of r(7)?
6
Let m be (-1 - 0)/((-1)/5). Suppose m*p - 173 - 37 = 0. What is the units digit of (-12)/p + (-340)/(-14)?
4
Suppose -v = -3*k - 55, 0*v + 2*v = -2*k + 70. Let h = v + -24. What is the tens digit of h?
1
Suppose -4*x - 1795 + 8299 = 0. What is the tens digit of x?
2
Suppose a - 15 = -5*g + 83, -4*a - 8 = 0. Suppose -y + g = 4*y. What is the units digit of y - (-7)/(-2)*-14?
3
Suppose 0*v - 753 = -v - y, -4*y = -2*v + 1518. What is the hundreds digit of v?
7
Let m be 6 - (-1 + 3 + 1). Let u(d) = 31*d - 9. What is the tens digit of u(m)?
8
Suppose 0*n + 5*n - 4845 = 0. Let s be (n/34)/((-6)/8). What is the units digit of 2/(-4) + (-285)/s?
7
Suppose 5*l + 10 = 0, 0*t + l + 29 = -t. Let i be (-4 - -6) + (-1 - t). Suppose 0 = -2*p + p + i. What is the tens digit of p?
2
Suppose 3*r + 4*l = 1831, 0 = 3*r - 8*r + 4*l + 3105. What is the tens digit of r?
1
Suppose -3*u + 2*u + 7 = 0. Suppose 2*l = 3*p + u*l - 28, 88 = 5*p - 2*l. What is the units digit of p?
6
Let m(t) = 64*t**2 + 5. Suppose -3 - 17 = -4*h. Let x(d) = 128*d**2 + d + 11. Let u(g) = h*m(g) - 2*x(g). What is the units digit of u(1)?
5
Let k(w) be the first derivative of 1/2*w**2 - 4 + w**3 - 1/2*w**4 - w. What is the tens digit of k(-2)?
2
Suppose -5*z - 16 = 2*q, z - 18 = -q + 5*z. Suppose -q*f - 3 = -9. Suppose -4*j + 81 = -f. What is the tens digit of j?
2
Let w = -694 - -4016. What is the hundreds digit of w?
3
Let y be -11*((-4)/(-8) - 2)*2. Let l = 84 - y. What is the units digit of l?
1
Let b(n) = -3*n**2 + 23*n - 40. Let h(d) = 7*d**2 - 45*d + 79. Let j(p) = 5*b(p) + 2*h(p). What is the tens digit of j(17)?
9
What is the units digit of (-3)/(6/(-4948)) - (-2142)/(-357)?
8
Let u be 1*(48/2 - 3). Suppose -5*s = k - u, 2*s - 9 = -2*k + k. Suppose 2*v = 5*o - 0*o + 23, 5*o + s = v. What is the tens digit of v?
1
Suppose 0 = 5*s + 5*k - 195, -3*s = 2*k - 169 + 48. Let x = s - 27. What is the units digit of x?
6
Let j(m) = m**3 - 5*m**2 - 7*m + 8. Let i be j(6). Suppose -4 = 4*k, i*k + 447 = 4*o + o. What is the tens digit of o?
8
Let t(l) = l - l + 4*l**2 - 1 - 2*l. Suppose -5*m = -0*c + 3*c - 7, -4*m = c - 7. What is the units digit of t(m)?
1
Suppose 24*q = -20*q + 103092. What is the tens digit of q?
4
Let d(c) = 0*c + c**2 - c + 9 - 3*c - 5*c. Let f be d(13). Suppose -4*w + f + 43 = 0. What is the tens digit of w?
2
Let l(v) be the second derivative of -v**5/60 + v**4/6 - v**3/6 - 2*v**2 + 3*v. Let j(a) be the first derivative of l(a). What is the units digit of j(3)?
2
Suppose 2 = 2*c - 4*c. Let o(g) = -1. Let h(u) = -8*u - 12. Let i(a) = h(a) - 12*o(a). What is the units digit of i(c)?
8
Suppose 0 = -10*w - 2*w + 1716. Let y = 84 + w. What is the tens digit of y?
2
Suppose 0 = m - 5 + 3. Let d = -2 - -4. Suppose -2*v = m*s - d, -5*v + s + 12 = -s. What is the units digit of v?
2
Let b = 513 - 80. What is the tens digit of b?
3
Let g = 505 - 295. Suppose 3*a + 3*u - g = 0, 4 = -u - 0. What is the tens digit of a?
7
Let v be 38/(-6) + (-1)/(-3). Let a(n) be the second derivative of n**4/12 - 3*n**2 - 5*n - 2. What is the tens digit of a(v)?
3
Let n = 2145 + -675. What is the units digit of n?
0
Let i(g) = g + 1 + 1 - 6*g + 0. Let x be i(-8). What is the tens digit of (8/(-6))/((-4)/x)?
1
Let m(c) = -c**2 - 16*c - 18. Let n be m(-15). Let f(w) = -51*w - 18. What is the units digit of f(n)?
5
Let q = 501 + -257. What is the hundreds digit of q?
2
Suppose -5*o - 1248 = 267. Let c = -174 - o. What is the hundreds digit of c?
1
Let v be -3 + 4 + (2 - 0). Suppose -228 = -3*r - v*g, r = -3*r + 3*g + 332. What is the units digit of r?
0
Let i = -217 + 764. What is the units digit of i?
7
Let n(i) = -i - 1. Let t be n(-7). Let a(b) = b**3 - 8*b**2 + 6*b + 1. Let l be a(t). Let r = l - -63. What is the units digit of r?
8
Let n be (95/(-15))/((-3)/(-36)). What is the units digit of 12/(-18) - n/6?
2
Let l = -57 + 27. Let p be (-4)/(-6) + (-100)/l. Suppose -p = -k, -4*o + 2*o + 5*k + 50 = 0. What is the tens digit of o?
3
Suppose 11*n = -3*g + 10*n + 917, 1533 = 5*g + 4*n. What is the units digit of g?
5
Suppose -13*p + 4078 = -2981. What is the tens digit of p?
4
Suppose 2*q - 7*q - 70 = 0. Let o = 12 + q. Let u = o + 5. What is the units digit of u?
3
Let j = 3 + 2. Suppose 0 = -3*r + 2*r + j. Suppose -t = 4*t - 2*x - 118, 0 = -2*t - r*x + 24. What is the tens digit of t?
2
Suppose -16 = -2*z - 2*z, 0 = -2*c + z - 6. Let b be (-2 + -1)*c/3. What is the units digit of 21 + b + 15/(-5)?
9
Suppose -2*l - 5*o + 31 = 2*l, 4*l - 4*o - 76 = 0. Let y = 17 - l. Suppose -17 = k - 2*k + y*d, 17 = k + d. What is the tens digit of k?
1
Let t(u) = -2 - 1 - 5*u - u**2 + 0*u. Let a be t(-4). What is the units digit of -2*((-14)/4)/a?
7
Suppose -965 = -2*g + 5*c + 546, 5*c - 1541 = -2*g. What is the tens digit of g?
6
Let z(b) = 13*b + 19. Let a(n) = n**3 + 21*n**2 - 21*n + 29. Let v be a(-22). What is the tens digit of z(v)?
1
Let j(t) = 22*t**2 - 36*t + 25. What is the tens digit of j(16)?
8
Let i = 24 + -47. Let d = 29 + i. Suppose -d*q - 21 + 423 = 0. What is the units digit of q?
7
Let l(y) = y**3 + 7*y**2 + 5*y - 1. Suppose g + 3*b + 15 = -g, 5*g = 5*b. Let m = -9 - g. What is the units digit of l(m)?
5
Let s(w) = -w**3 - 11*w**2 - 7*w + 7. Let o be s(-10). Let f = -21 - o. Suppose 5*q - k = q + 153, -f*q - 4*k = -54. What is the tens digit of q?
3
Suppose 5*k - 13 = -3*h, 3*k - 5*h + 7 = 4*k. Suppose -k*v = 3*v + 60. What is the tens digit of (6/v)/((-2)/68)?
1
Let x(f) = 52*f**2 + f - 10. What is the thousands digit of x(-8)?
3
Suppose 2*u = 4 + 2. Let a be ((-1 - 0) + -2)/(24/(-16)). Suppose -a*c = -c - 4*f - 14, -u*c = 3*f - 12. What is the units digit of c?
6
Let j(o) = -o**2 - 9*o. Suppose 4*t + 6 + 30 = 0. Let f be j(t). Suppose -5*c + a + f*a = -57, c - 4*a - 19 = 0. What is the units digit of c?
1
Let f be 220/(-14) - 1*(-6)/(-21). Suppose 82 = -17*j + 15*j. Let x = f - j. What is the tens digit of x?
2
Let w(x) = -x**2 + 6*x + 6. Let k(q) be the second derivative of -q**3/6 - q**2/2 - 2*q. Let z(y) = -2*k(y) + w(y). What is the tens digit of z(7)?
1
Suppose -n + 4*n - 14 = -2*o